22)
-109
(-33 - 41) + 56 + 52
34
Evaluate (2 - (2 + 44)) + (1 - 22) + (824 - 800).
-41
What is (-13 - -79 - 5) + -4 + -9 + -2 + 16?
62
What is the value of 46 + (-53 - -103 - 13)?
83
Evaluate -6 - (29 - (-23 - (35 + -20))).
-73
What is the value of 0 + 6 - (-143 + 155) - -24?
18
Calculate (36 + (3 - 7) - (-378 - -362)) + (11 - -1).
60
0 - (-63 + (9 - 36))
90
Evaluate 73 + (-107 - (-1 + -92)).
59
Evaluate -8 + (50 + -18 - (7 + 30)).
-13
1 + (6 - (-5 + 11)) + 5 + -51
-45
Evaluate (2 - (-12 - 9) - 23) + -35.
-35
Calculate (-4 - -6) + 1 + 8 + 0 + 23.
34
What is (-4 + -51 - -19) + 118?
82
What is 24 + (-53 - -56 - (130 + 2)) - -8?
-97
What is -5 + 1 - (147 - 145) - (46 - (-8 - -7))?
-53
What is the value of -48 - (-4 + -12 + 10 + -14)?
-28
What is the value of 77 - 7 - (25 + (-3 - (11 - -7)))?
66
What is 2 + 48 + 200 + -203 - 196?
-149
2 + 28 - -59 - (39 + -6)
56
35 + 3 + (-43 - 3) - -32
24
What is 368 + 255 + -491 - (21 + 2)?
109
What is 4 - -2 - (-107 - -100 - -19)?
-6
What is 13 - (-17 + 8) - 23 - (1 + -2 - 16)?
16
30 + 6 + -3 - (550 - 437)
-80
(145 - 190 - (-17 + 3 - -3)) + -9
-43
What is 18 + 18 + -30 + (21 - 5) + -30?
-8
-79 + 126 + 12 + -128
-69
What is the value of (51 - (44 - 7) - 24) + 44?
34
What is -122 - -57 - -55 - (31 + 2 - 0)?
-43
What is the value of (-144 - -137) + -3 + -2?
-12
What is the value of 142 - ((48 - 5) + 48)?
51
21 + (-35 - (-93 - -80) - (-1 - (2 + 8)))
10
Calculate 16 + -7 + -1 + (66 - -10 - 41).
43
Evaluate -65 - ((67 - 75) + -45).
-12
(4 + -11 + 12 - 41) + (9 - 5)
-32
Evaluate (-29 - -25 - -28) + (9 - 57).
-24
What is the value of -16 + (3 - 1) + (3910 - 3919)?
-23
Calculate -102 - (-51 + 55) - -32 - ((0 - 3) + 1).
-72
What is the value of -3 - -4 - (10 + 31)?
-40
What is (5 - (43 - 36)) + -6 - (0 - (0 - -48))?
40
-37 - -42 - -68 - 114
-41
Calculate (-213 - -190 - (7 + -22)) + (-42 - 1).
-51
What is the value of -119 + -4 - ((32 - (21 - -5)) + -2)?
-127
Calculate 37 + (37 - 112) - (-61 - 33).
56
What is 41 - -1 - ((-8 - -4) + (1 - -3))?
42
What is the value of (32 - 71) + 99 + -22?
38
Evaluate -28 - -10 - -30 - -40.
52
Evaluate (63 - 89) + 4 - 1.
-23
Evaluate 78 - (-91 + -70 + 153).
86
What is the value of -132 - -94 - (-43 + 66)?
-61
Evaluate (27 - 75) + -11 - -38 - (1 - 7).
-15
Evaluate -25 - (43 - (72 + 32)) - (1 + 13).
22
3085 + -3032 - (12 + 1)
40
Calculate (-19 - 0) + (58 - 33 - -32 - 14).
24
Calculate 112 + -74 - (16 - (-15 - -76)).
83
(453 - 436) + -9 + 26 + -3
31
Evaluate 366 - 367 - (3 + -11 + -21 + 7).
21
Evaluate -2 + (28 - -14) + 30 + -13.
57
Evaluate (-6 - 6) + (148 + -80 - 50) - (1 - -4).
1
What is the value of 278 + -3 + (-11459 - -11313)?
129
Evaluate 6 - -1 - ((106 - 104) + 6 + -5 + -7).
11
What is 22 + 0 - (3 + (-14 - -3) - (-1266 + 1249))?
13
(-3 - (-6 - -48 - -13)) + 20
-38
What is the value of 15 + -9 - (24 - (-11 - (6 - 7)))?
-28
-42 - (12 + 12 + -11 + (-11 - 4) + 10)
-50
Evaluate 6 - (158 + -181 + (0 - -1)).
28
What is the value of 1 + -5 + 65 + (24 - 19) + 6?
72
Calculate 37 + -9 - 50 - -9 - -30.
17
-17 + 77 + 107 - 108
59
Evaluate -2 + (-3 + 2 - 3) + (-8 + -34 - -12).
-36
What is 91 + (33 + -102 - -49)?
71
What is (-2 - -4) + -2 + 8 + 0 + (-26303 - -26274)?
-21
Evaluate 8856 - 8845 - (31 + -1 + 0).
-19
33 + (-14 - -22) + -77
-36
What is 105 - (4 + 4 - ((4 - -15) + -18))?
98
-115 + (-4 - (30 + -61))
-88
What is the value of 19 + (64 + -93 - -56)?
46
Calculate 46 + (-86 - 10) - 79.
-129
Evaluate -26 - (135 - (7 + -38 - -71)).
-121
67 + -22 + -882 + 791
-46
(-4 + 24 + -16 - (27 + (4 - 7))) + -6
-26
What is -22 + 3 - (-3 + (54 - -2))?
-72
-22 - (51 - 45) - -56
28
Evaluate -37 + (39 - (-50 + 35)).
17
What is the value of 14 - ((-3 - -2) + -8) - 11?
12
What is the value of (-40 - -26) + 36 - (15 + -120)?
127
What is (-4 - -11 - 15) + (35 - (8 - 3))?
22
Calculate -27 + -46 + 21 + -84 + 0.
-136
61 + -69 + (27 - -34)
53
Evaluate 28 + (-31 - 31) + 31 - (0 - 61).
58
-93 - (-82 + -21) - -69
79
What is the value of -17 + 1 + (23 - (31 - -24))?
-48
What is the value of -29 + 68 + 2 - 34?
7
What is the value of -4 - 3 - (24 + 18 + -56)?
7
Calculate 2 + -6 + (0 - 9 - (60 + -67) - 13).
-19
Calculate (-111 - (-4 + 13)) + (-17 - -13) + 5.
-119
Calculate -1 + (-6 - (-2 - -5) - (13 - (-22 - -33))).
-12
Calculate -48 + 14 - -82 - -2.
50
-84 + 25 - -12 - (1 - (4 + -8) - 6)
-46
856 + -872 + 58 + 0 + -88
-46
Evaluate 56 - (73 + 32 + -38).
-11
(-1 - -24) + -1 + -212 + -241 + 325
-106
What is (69 - 1) + (-361 - -367) + -28?
46
What is -87 + 10 - (-185 - -78)?
30
What is (225 - 172) + -8 + 1 + 1 + 1 + -8?
40
Calculate 24 + 39 + -63 - 35.
-35
Calculate 322 + -323 - (-4 + -11) - -82.
96
-2 - (0 + -6) - (131 + -35 + 18 - -12)
-122
-28 + (22 - 50 - -33) + 86
63
Evaluate (-115 - (26 + -22)) + 33 - 7.
-93
What is the value of -24 - (19 - (4 + -13 + 12) - 7)?
-33
Evaluate (-8 - -10 - (2 + 1)) + -62 + (117 - 67).
-13
Evaluate -85 - (6 + (18 - (11 - -1)) - 20).
-77
Calculate 123 + 3 + -439 + 408 - (18 + -1).
78
Calculate 2 + -78 - (37 - (-3 - (-18 + -5))).
-93
Evaluate 2 - (0 + -5) - (-1 - 2) - (-13 + 72).
-49
What is the value of -3 - (40 - 1 - (-14 + (-6 - -11) + 11))?
-40
Evaluate 8 - (-1 + -13 + (-134 + 28 - 17)).
145
Calculate -14 + (-8 - (-76 + 11) - -8) - 14.
37
Evaluate (38 + -17 + -6 - 25) + 56.
46
Evaluate 44 + (-24 - -4) + -200 - -24.
-152
61 - (57 + 71 + -123)
56
Calculate -9 + (9 - 68) + 9.
-59
What is (2 - 27) + 74 + -68?
-19
Evaluate 54 + (-33 - (59 + -44)) + (-1 - (75 + 1)).
-71
Evaluate -8 + 7 + 14 + -14 - (-34 - 4 - 3).
40
Evaluate (16 + -3 - 2) + 52 + -61 + 38.
40
-78 + 45 + -19 + 83
31
Evaluate -10 + (-45 - ((-24 - -4) + 21)).
-56
What is the value of 7 + ((0 - -8) + -39 - -4) - 61?
-81
What is -6 - (20 + 22 - 50) - 148?
-146
What is the value of 38 + -12 + (1 - (11 - (-16 + 44)))?
44
What is the value of 37 + -69 + -7 + 30?
-9
What is the value of (23 - (35 + 11)) + 26 + 40?
43
What is 3 - ((-644 - -650) + (0 - 21))?
18
What is -2 + -62 + -28 + -95 + 126?
-61
(8 - (64 + 4)) + 113
53
Evaluate 39 - -1 - (-4282 - -4352).
-30
Calculate 27 + (-6 - (-19 - -9)) + -149.
-118
Calculate (-22 + -4 - (-20 + -21 + 39)) + -2.
-26
Evaluate (-100 - -106) + (15 - 4 - 2).
15
4 - 19 - (1 + 9 + 1 + -17)
-9
26 + (4 - 61) - (-4 + 20 + 1)
-48
-7 - 1 - (8 + 17 + -45 + -58)
70
Calculate -4 - (85 - (95 + -41)).
-35
Evaluate 121 + -136 - (10 + -2).
-23
What is the value of (-2 + -5 - (54 + -67)) + (-15 - (16 + -18))?
-7
What is (-95 - -25) + 3 - -35?
-32
-6 + (120 - 4) + 2 + -7 + 582 + -592
95
What is -13 + 18 - (2 - -93) - (-474 + 486)?
-102
Evaluate (-2 - -10) + -19 + 2 + 10 + -35.
-34
Evaluate -20 + 39 + (-66 - 8).
-55
Calculate 47 - ((-5 - 9) + -34 + 52).
43
What is the value of (-34 - (-100 - -38)) + -63?
-35
What is the value of 16 - (9 + -8) - (2 - -11) - -20?
22
2 + 10 - (-161 + 144 + 3)
26
(-14 - -11 - 12 - -15) + (17 - (-5 - -6))
16
Calculate (1 - -35) + (14 - 47 - (32 - 36)) + 14.
21
Calculate (-3 + 2 - 1 - -14) + (-246 - (109 - 352)).
9
What is 27 + 2 - (0 - 72 - -70)?
31
Evaluate 4 + -3 + -1 - (-42 + 62 - (2 - 33)).
-51
What is -737 + 632 - (-1 - 66)?
-38
What is 2 + 32 + 4 - (-924 + 919)?
43
Calculate 14 - 0 - (-34 + (23 - (7 - 99))).
-67
23 - (-76 + 148 - 60)
11
(45 - 57) + 18 + 62
68
What is the value of 14 + 18 + 6 - 50?
-12
Evaluate (-29 - (-38 + 2)) + 43 + 2 + 4.
56
What is 64 + -22 + -6 + -68?
-32
-6 + (12 - (11 + 0 + 2 + -18))
11
What is the value of (79 - -9) + 1 + (3 + 0 - -3) - 7?
88
Evaluate 124 - 127 - 10 - (26 + -1).
-38
Evaluate (71 + -36 - 45) + (3 - 2) + 5.
-4
(1 - (-1 + -4)) + 1 + 0 + 21
28
2 + -13 + -3 - (-118 + 30) - 3
71
What is 3 + -8 + 31 + (-1 - -39)?
64
52 + (7 - 32) + -32 + (1 - 17)
-21
What is the value of -1958 + 1950 + -5 + 68?
55
Evaluate (-6 - -39 - 53) + 45.
25
Calculate -4 - (-18 - (-66 - -35)).
-17
Calculate 4 + 47 - (28 + 19).
4
What is 3403 + -3397 + (-13 - (-3 - -1) - -1)?
-4
Evaluate 20 + 0 - (104 - (89 - -15)).
20
Evaluate 81 + 42 + -35 + -15 + (20 - 0) - -16.
109
What is 111 + (-9 + 4 - (1 - (5 - 3))) + 0?
107
-31 + (-59 - -99) + -60 + (0 - -1 - 0)
-50
What is 19 + -26 + (-44 - (-44 - -33))?
-40
What is -9 + -1 - (-79 - (-34 - (12 + -45)))?
68
What is the value of -33 + 20 + -6 + 4 + -1?
-16
Evaluate -287 + 299 - (7 - (-61 - 1)).
-57
14 + (6 + -4 - 7) + (-4 - -2 - -6)
13
Calc